(h) = 22*h**2 + 8*h - 26. Let g be s(k). Suppose 2*b = 2898 - g. Is b prime?
False
Let d(c) = -c**3 + 17*c**2 - 2*c + 36. Let v be d(17). Suppose 4*l + 3*j - 8 = 0, 3*j + v*j - 6 = -3*l. Suppose 9*n - 1337 = l*n. Is n composite?
False
Suppose -3*n = 5*b - 109228 - 84105, 38665 = b + n. Is b a composite number?
False
Suppose 12*m = 15*m - 147. Is (-758)/(-2) - 7*14/m prime?
False
Let w(o) = o**3 - 5*o**2 - o + 22. Let p be w(4). Suppose -p*j - 3*z + 0*z + 44482 = 0, -5*z - 89008 = -4*j. Is j prime?
True
Let h = 459 - 452. Is -7 - (h + -13 + -13644) a composite number?
True
Suppose 2*k + 140 - 4150 = 0. Is k composite?
True
Let o be 1/((-2987)/(-1493) - 2). Suppose 2*v + 592 = -0*v + 3*x, x - o = 5*v. Let d = v + 490. Is d a composite number?
False
Let a(s) = -s**3 + 54*s**2 - 6*s - 122. Is a(39) prime?
False
Let w be -12 + 1*(0 + -2 + -3). Let g(s) = -40*s + 99. Is g(w) prime?
False
Let c(r) = -3*r**3 + 3*r**2 - 41*r - 49. Let h(m) = 2*m**3 - 2*m**2 + 20*m + 25. Let i(w) = 3*c(w) + 7*h(w). Is i(15) a prime number?
True
Is -9 + (-55 + -10)*587664/(-45) composite?
False
Is (-153059)/(-2)*(-17 - (-19)/1) composite?
False
Suppose 476*v + 1329360 - 32874284 = 28280184. Is v prime?
True
Let o = -30187 + 102210. Is o composite?
True
Let d(x) = -x - 5. Let b be d(9). Let w be 659 - -3 - (-7)/(b/(-4)). Let o = w - -679. Is o a composite number?
True
Suppose -11*c - 10 = -6*c, 0 = 3*q - 3*c - 36. Let i = q - 7. Is (228/18)/(2/i) a prime number?
True
Suppose 0 = 2*u + 7*z - 3*z - 24, 3*z = -u + 17. Suppose 4 = -4*t + 12, u*t - 8 = -2*g. Is 1/(-8)*g + (-32463)/(-12) a composite number?
True
Suppose s + 20 = 10. Is 2 - 2*8695/s a composite number?
False
Let s(l) = 2466*l**2 - 414*l - 8513. Is s(-21) composite?
False
Let h(a) = a**3 + 5*a**2 - 6*a - 2. Let t be h(-6). Let n(g) = 162*g**3 + g**2 - 5*g - 4. Let j be n(t). Let o = j - -7401. Is o prime?
False
Let t(b) = 25*b**2 + 6*b - 24. Suppose 30 - 25 = v. Is t(v) prime?
True
Let b = 80 - 2604. Let t = 5243 + b. Is t a composite number?
False
Suppose -m + 3*d = 49 + 51, -5*m - 536 = 3*d. Suppose -320*x = -299*x + 21399. Let v = m - x. Is v a prime number?
False
Let s(v) = 5*v**3 - v**2 - 10*v + 151. Is s(10) composite?
False
Suppose -162880 - 178252 = -4*x. Is x a composite number?
True
Let y(n) = 35299*n - 27. Is y(2) composite?
False
Let d = 45 + -46. Let x(k) = 21*k**3 + 8*k**2 + 2*k + 1. Let f(t) = t**2. Let j(m) = d*x(m) + 6*f(m). Is j(-2) a composite number?
False
Suppose -4*h = -6*h + 6. Let r be (-14)/(-7) + -2 + 4. Suppose -h*k - 19 = -r, -2949 = -4*d + 5*k. Is d prime?
False
Suppose 79*k - 70*k - 2520783 = 0. Is k a prime number?
False
Let r(a) = -652*a - 5. Let m = -102 - -97. Let v be r(m). Let d = 6190 - v. Is d a prime number?
False
Is 42286 - ((-2)/(-12) - 319/(-66)) a composite number?
False
Let s(t) be the first derivative of -13*t**2/2 + 75*t + 62. Is s(-8) a prime number?
True
Let d = 5433 + -3718. Let g = 3114 - d. Is g a composite number?
False
Let n = -542 + 542. Suppose n = -62*v + 47*v + 11055. Is v a prime number?
False
Let m(y) = 1972*y + 1187. Let w(t) = 1313*t + 791. Let r(c) = -5*m(c) + 8*w(c). Is r(32) a prime number?
True
Suppose -10*x + 28718 = -121052. Is x prime?
False
Let t = -293928 - -412229. Is t a prime number?
False
Let l = 52111 - -23511. Is l a prime number?
False
Let m = 674 - 669. Suppose -m*i + 4 = -21, 4*a = -2*i + 15126. Is a a prime number?
True
Suppose 3*s = -5*x + 2493212, -1010891 = -2*x + s - 13604. Is x prime?
True
Suppose -2*q - 5*c = -34, 0 = 2*q - 3*q - 3*c + 18. Suppose -5 = -t + 3*a, 2*t - a = -2 + q. Suppose 4*i + t*k = 812, i = 4*k + 118 + 85. Is i a prime number?
False
Suppose -27*y = -26*y - 2333. Let f = -1251 + y. Is f a prime number?
False
Let n(p) = -2*p**3 + 70*p**2 + 14*p - 141. Is n(29) composite?
False
Is 418/(-57)*(-3 - 388815/14) composite?
True
Let q(h) be the third derivative of 0 - 1/20*h**6 - 1/3*h**3 - 1/6*h**4 + 4*h + 4*h**2 - 1/20*h**5. Is q(-3) a prime number?
False
Suppose -16482680 = -115*w + 75*w. Is w composite?
False
Let h = 34775 - 10512. Is h a prime number?
False
Suppose 0 = y + 3*b - 460442, -4*y + b + 648463 = -1193344. Is y a composite number?
False
Let z(y) = 67*y + 37. Let g(c) = -67*c - 38. Let m be 8/(-20)*-3*10/(-6). Let n(p) = m*g(p) - 3*z(p). Is n(-10) a prime number?
False
Suppose j + 679370 = -j + 12*j. Is j prime?
False
Let u be -10 + 12 + (-2)/(-4)*6. Let b be (u + 246/(-54))/((-4)/(-18)). Suppose -200 = b*x - 1926. Is x composite?
False
Suppose -20*l = -27*l + 26502. Suppose l = 15*z - 13*z. Let c = -1084 + z. Is c a composite number?
False
Let i = 886 - 934. Let k(n) = n**3 + 53*n**2 - 7*n + 7. Is k(i) a prime number?
True
Let z(h) = -1403*h + 60. Let i be z(-3). Suppose y + 106645 = 6*y. Suppose p + i = q, 5*q + p + y = 10*q. Is q a composite number?
True
Suppose 2*z = 3*r + 44666, -53*r + 50*r - 22327 = -z. Is z a prime number?
False
Suppose 5*k - 22 = -6*k. Let z be (k/(-3))/((-2)/45). Is 12318/z - 1/5 a prime number?
True
Let w(q) = q**3 + 9*q**2 - 15*q - 47. Let s be w(-10). Is (-2)/s*-1233 + -7 + 3 prime?
False
Let l(z) = -z**3 - 25*z**2 - 44*z + 49. Let n be l(-23). Suppose 2*h = -2, 3*h = n*w - 10899 - 8721. Is w a prime number?
False
Let b = -27 + 31. Suppose w = -4*q + 1747 + 1083, -b*q - 5*w = -2822. Suppose 0 = 2*h - 3*v + 174 - q, -534 = -2*h - 5*v. Is h composite?
True
Is (1039859/7 - 4) + (-333)/63 + 5 a prime number?
False
Let m(z) be the first derivative of z**4/4 + 6*z**3 - 2*z**2 - 2*z + 15. Let k be m(-18). Suppose 4*h = k + 2622. Is h composite?
False
Let g = 17270 - 9554. Let q = g + -3625. Is q a composite number?
False
Suppose -3*b + 3*n + 30 = 0, 5 = -b + 2*b - 2*n. Suppose 105*s = 11*s + 1504. Let c = b + s. Is c a composite number?
False
Let m = -6193 - -11822. Suppose -m - 1393 = -2*w - 5*r, -2*r = 3*w - 10555. Is w composite?
True
Let z(c) = -8581*c - 258. Is z(-5) a prime number?
False
Suppose -4*z + 7*k = k - 2326520, -k + 581645 = z. Is z prime?
True
Let j(m) = 1180*m + 12. Suppose -4*r - 2 + 0 = 2*l, -3*r = -4*l + 18. Let n be j(l). Let t = n - 2359. Is t a prime number?
True
Is (11/88)/((-4 - -1)/(-12373896)) prime?
True
Suppose n = 0, n + 29028 = -3*u + 4*u. Let p = u - 11705. Is p a composite number?
True
Suppose 0 = -2*t + 2932 - 498. Let g be 136/51*(-9)/(-6). Suppose 2*w - t = -b, 4020 = g*b - 5*w - 861. Is b composite?
True
Let x = 9517 + -5610. Is x prime?
True
Let c(d) = 12*d**2 - 18*d + 4. Let w be c(2). Let a(u) = 728*u - 69. Is a(w) a composite number?
False
Let t = -232 + 236. Suppose -7355 = -4*p + t*l + 269, 0 = -4*p + 2*l + 7618. Is p composite?
True
Let v(b) = 8864*b**2 + 20*b + 13. Is v(7) prime?
False
Let c(z) = -44126*z + 501. Is c(-5) a prime number?
False
Let d = -43 - -100. Let y = d - 58. Is -115*((-1)/(-2))/y*2 a composite number?
True
Let r = 357648 + -249587. Is r prime?
True
Let c(z) = 2*z**3 - 7*z**2 + 9*z - 10. Let o be c(5). Let g = o + 154. Suppose -5*s + g = a, -4*a + 2*a + 506 = -s. Is a a composite number?
True
Let p(i) = 1144*i**2 + 18*i - 3. Let d be -9*4/(-162)*18. Is p(d) prime?
False
Suppose -5*f = 3*k + 18614, 4*f - 4*k + 13063 = -1841. Let n = -1563 - f. Is n composite?
False
Suppose -2*h = -2*t - 614404, -212*h = -215*h - 4*t + 921599. Is h composite?
False
Suppose -5*d = 5*z + 4295, -3*z = -2*d + 2*z - 1690. Let a = 3526 + d. Is a prime?
True
Let j = 3765 - -473. Let w(n) = 172*n - 1028. Let a be w(6). Suppose 366 = a*t - j. Is t a composite number?
False
Let s = -51 + 57. Let l(q) be the first derivative of 7*q**3/3 + q**2/2 - 7*q - 8. Is l(s) composite?
False
Let o = -618919 + 1176804. Is o a prime number?
False
Let m = 481 + 2317. Suppose 3*j - m = j. Is j a prime number?
True
Suppose -7*m + 4*m = 4*n - 146561, 0 = 5*m - 4*n - 244215. Is m a composite number?
False
Suppose 0 = 3*h - 27 - 15. Let x be (6/(-21))/1 - (-172)/h. Suppose -198 = -6*r - x. Is r composite?
False
Suppose 393158 + 167864 = 11*v. Suppose 0 = 15*r - r - v. Is r prime?
True
Let b(g) = -g**2 - 3*g + 5. Let x be b(2). Is (-3)/3*x + 368 a composite number?
False
Let r(w) be the second derivative of -w**4/12 + 41*w**3/3 + 51*w**2/2 - 289*w. Is r(32) composite?
True
Let t(q) = 5*q - 5. Let w be t(3). Suppose 17*l - 12*l - w = 0. Suppose i - 2*v - 435 - 502 